is the tens digit of y?
2
Let n(d) = 125*d**2 - 8*d + 2. Let z be n(2). Let w = z - 344. What is the hundreds digit of w?
1
Suppose 39*b - 35*b + 2*y - 7258 = 0, 0 = -4*b + 2*y + 7278. What is the tens digit of b?
1
Suppose -6*s = 3*i - 11*s - 10004, 16740 = 5*i + 5*s. What is the hundreds digit of i?
3
Let n be 93/(1 + (1 - -1)). Suppose -4*o = z + 1, 0 = 3*z + 2*o - 7*o - n. Suppose 2*i - z = -1. What is the units digit of i?
3
What is the hundreds digit of 19456/14 + 2/7?
3
Let t be (-7)/14*8/(-1). Suppose t*x - 25 = -x. What is the units digit of 158/x + (-10)/(-25)?
2
Let r = 277 - -1596. What is the units digit of r?
3
What is the units digit of (-10)/35 - (-6694)/7?
6
Let z(o) = -206*o + 737. What is the units digit of z(-13)?
5
Let q = 5866 - 2333. What is the units digit of q?
3
Let m be (-4)/(-12)*0 + 3. Suppose -2*h + 3*y + 37 = 0, m*h = 2*h - y + 11. Let x = h + 11. What is the units digit of x?
5
Let n(b) be the first derivative of -b**3/3 + 7*b**2/2 + 3*b + 2. Let s be n(5). Let p = s - -10. What is the units digit of p?
3
Let v(w) = 2*w**3 + 22*w**2 + w + 11. Let l be v(-11). Suppose 46 + 27 = r + 4*f, 5*r = -5*f + 290. Suppose l = -3*s - 2 + r. What is the tens digit of s?
1
Suppose -3*l = -15, -96*j + 97*j - 5138 = 4*l. What is the units digit of j?
8
Let b(o) = o**3 - 5*o**2 - o + 4. Let u be b(5). Let s(t) = -75*t**3 + 2*t**2 + 2*t + 1. What is the tens digit of s(u)?
7
Let n be ((-484)/6)/((-6)/(-18)*-1). Let c = n - 142. What is the tens digit of c?
0
Let m(d) = 5*d**2 + 3*d. Let a be (6/7)/(8/28). Let j be m(a). Suppose -6*h = -8*h + j. What is the tens digit of h?
2
Let z = -1320 + 4747. What is the thousands digit of z?
3
Let q = -93 + 95. Suppose 0 = x + 3*p - q*p - 69, 2*x - 5*p - 117 = 0. What is the units digit of x?
6
Let d be (15/6)/(6/12). Let b = 40 + d. Suppose 0 = -2*y + b + 9. What is the units digit of y?
7
What is the hundreds digit of 401824/88 + 6*4/(-132)?
5
Suppose -2*u + 5*z = -81 - 50, 5*z - 187 = -4*u. Let g = -46 + u. What is the units digit of g?
7
Let v(i) = 4*i**2 - 12*i - 6. Let j(g) = g**3 + 10*g**2 + 9*g + 9. Let b be j(-9). What is the units digit of v(b)?
0
Suppose -26*o - 5181 = -37*o. What is the tens digit of o?
7
Let r = 26 + -24. Suppose -r*f + 107 = g, -2*f - 5*g - 8 = -111. What is the units digit of f?
4
Suppose -5880 = 19*a - 22828. What is the hundreds digit of a?
8
Let s(t) = -t + 2. Let f be s(2). Suppose -5*o = -5*u + 10, 14*o = 12*o + 2. Suppose f = -4*m - u*l + 68, 3*l - l - 8 = 0. What is the units digit of m?
4
Suppose -5*q - 2*q - 98 = 0. What is the units digit of ((-26)/(-13))/(q/8 + 2)?
8
Suppose 15*g - 4461 = 30504. What is the thousands digit of g?
2
Let n = 631 + 265. What is the units digit of n?
6
Let o = 132 - 76. Suppose s = 3*s - o. Let q = 73 - s. What is the tens digit of q?
4
Suppose 0 = 5*b - 15 + 205. What is the tens digit of (14/(-14))/(2/b)?
1
Let b(i) = i**3 + 4*i**2 - 4*i + 1. Let j be b(-3). Suppose 0*m - 2*m + 3*r = -j, -8 = -4*r. What is the units digit of (-2 - 0) + (m - -9)?
1
Suppose 12*v - 41130 = -3*v. What is the tens digit of v?
4
Let i be -3 + 10/6 + (-3)/(-9). What is the units digit of ((-22)/88)/(i/676)?
9
Let k(d) = d**3 + 7*d**2 + 5*d - 2. Let m be k(-6). Suppose -y - 23 = m*p - 4, -35 = 5*p + 5*y. Let g(l) = -3*l - 2. What is the units digit of g(p)?
0
Let f = 3 - 6. Let d(p) = -7*p**3 + 4*p**2 + 9*p - 11. Let a(u) = 4*u**3 - 2*u**2 - 5*u + 6. Let w(z) = f*d(z) - 5*a(z). What is the units digit of w(3)?
6
Let k = -340 + 588. What is the units digit of k?
8
What is the tens digit of 1710/25*((2 - 1) + 4)?
4
Suppose -5*o = -6*o + 436. Suppose -o = -2*d - 0*d. What is the tens digit of d?
1
Let h(i) = 28*i**2 + 2*i + 2. Let a be 14/21 - 3/(-18)*14. What is the tens digit of h(a)?
6
Suppose -4*i - 2*r = -800 + 278, 5*i - 5*r = 675. Suppose -5*l + i + 18 = 0. Suppose -2*x + 7*x - l = 0. What is the units digit of x?
6
Suppose 0 = 11*q - 5*q - 3096. What is the hundreds digit of q?
5
Suppose -36*j - 20*j = -66360. What is the units digit of j?
5
Suppose -2*y - 6 = 0, 0 = -3*b + 5*y + 443 - 71. Suppose -7*m = -0*m - b. What is the tens digit of m?
1
Let h = -175 + 453. What is the tens digit of h?
7
Let g(d) = -13*d**3 - 2*d**2 - 2*d + 1. Suppose 0*w = 2*w + 4. What is the hundreds digit of g(w)?
1
Suppose 15*a - 848 = 14*a. What is the tens digit of a?
4
Let s be (-59)/4*(-12)/3. Let f = 237 - s. What is the tens digit of f?
7
Suppose 0 = -v + 2, 11*v = b + 6*v - 1205. What is the units digit of b?
5
Let g(i) = 6*i**2 - 1. Let x be g(-1). Let d(l) = 7 + 5*l - 16 + 5. What is the tens digit of d(x)?
2
Let v(o) = 5053*o**2 + 7*o - 2. What is the units digit of v(1)?
8
Let p = -15 + 2. Suppose -8*d + 7*d - 20 = 0. Let l = p - d. What is the units digit of l?
7
What is the units digit of (-10)/(-8) + (-16205)/(-28)?
0
Let l(d) = 101*d + 148. What is the thousands digit of l(9)?
1
What is the tens digit of (3902 - -64)/(1 - (-3 - -2))?
8
Suppose r + 2*u = 5*u - 14, 5*r - 6 = -4*u. Let z be -6*r/(-6)*-1. What is the tens digit of 7/z*20/5?
1
Let y(t) be the first derivative of 6*t**2 - 9*t + 9. Let w be y(21). Let o = -171 + w. What is the units digit of o?
2
Let y be (4 - 0)*(-9)/12. Let o be (-44)/(((-6)/(-4))/y). Suppose 0 = -6*z + 2*z + o. What is the units digit of z?
2
Let b = 21 - 15. Let g(t) = 8 + 0*t + 4*t**2 + 2*t + t**2 - b. What is the tens digit of g(-2)?
1
Let a = -522 + 1003. What is the tens digit of a?
8
Suppose -l = h - 499, -4*l = -7*h + 3*h - 1972. What is the hundreds digit of l?
4
Suppose 20*o - 16*o = 20. Suppose 107 - 1437 = -o*y. What is the units digit of y?
6
Let c be 8/(-16) - (-34)/(-4). Let z(u) = u - 13. Let l be z(c). Let a = -8 - l. What is the tens digit of a?
1
Let m(k) = k**2 - 12*k - 10. Let o be m(13). Suppose b - o*j = 8, -5*b - j + 108 = j. What is the tens digit of b?
2
Suppose -46*h - 5903 = -29363. What is the units digit of h?
0
Let j be (-114)/(-27) - 4/18. Let o be (-4)/(-3) + (-36)/(-54). Suppose -j*t - 22 = -o*m, -m + t + 4*t + 8 = 0. What is the units digit of m?
3
Let k(n) = -n - 2. Suppose -19 = -t - 23. Let h be k(t). What is the units digit of 20/h - (3 - 6)?
3
What is the tens digit of (2 - (0 + 5))/((-6)/2246)?
2
What is the thousands digit of 5 + (4/8)/(6/15108)?
1
Suppose -5*t - 21 + 433 = -3*q, -2*t - 2*q = -152. Suppose 195 = -5*r - 35. Let z = r + t. What is the units digit of z?
4
Let a be (21/(-4))/((-17)/68). Suppose -3*k = 3*m - 120, 4*m + 39 = k - a. Suppose 0*o + k = o. What is the units digit of o?
4
Let y(r) = -r + r + 9 + r. Let b be y(11). What is the units digit of (36/b)/(3/10)?
6
Suppose j - 3*r + 6 = 3*j, 3*j - 4*r + 8 = 0. Suppose j*y = 5*y - 125. What is the units digit of y?
5
Suppose 0*f - f + 1609 = 3*j, 0 = -2*f - 10. What is the units digit of j?
8
Let c(k) = -k**3 + k**2 + 10*k + 28. What is the hundreds digit of c(-8)?
5
Let m = -3 - -5. Suppose -3*a + 2*a - 40 = -m*p, 64 = 2*p + 5*a. What is the units digit of p?
2
Let v(i) = -18*i - 17. Let m be v(-10). Suppose 0 = 3*h + l - 3*l - m, 3*h + 3*l = 183. What is the units digit of ((-24)/(-36))/(1/h)?
8
Let l(m) = -m**2 - 42*m - 136. What is the hundreds digit of l(-34)?
1
Let u = 74 + 295. Let n = u + -170. What is the hundreds digit of n?
1
What is the tens digit of (-9 + (-215)/(-25))/(2/(-3530))?
0
Let s = -3 - -41. Suppose -4*j + s - 2 = 0. Suppose -5*h + h + l = -263, 3*l = -j. What is the tens digit of h?
6
Let c(l) be the first derivative of l**2/2 + 12*l + 6. Let f be c(-7). Suppose 2*m + 72 = 4*w, 4*w = 2*w - f*m + 12. What is the tens digit of w?
1
Let k(b) = 4*b**2 - 7*b - 12. Let g be k(-5). Let a be g - (2 - 0)/1. Suppose -2*v - 13 = 4*t - 111, a = 5*t + v. What is the units digit of t?
4
Suppose -3*c - q = 399, 2*q = 3*c + 130 + 260. Let s = 247 + c. What is the tens digit of s?
1
Let u(d) = -18*d - 4 - 5 + 3 + 17*d. Let y be u(-14). What is the units digit of (0 - -44)*2/y?
1
Let n(o) = 113*o**2 - 9*o + 13. What is the tens digit of n(2)?
4
Suppose 5*p + 7 - 37 = 0. Suppose -p + 0 = 2*g + 5*v, 4*v - 2 = -5*g. Suppose -w + 185 = 3*f, -g*w - 2*w = -3*f + 160. What is the tens digit of f?
6
Let q = -2064 - -3689. What is the units digit of q?
5
Suppose -5*b + 2*b = 0. Suppose -h - 3 + 6 = b. What is 